t**2. What are the prime factors of o(-7)?
79
List the prime factors of (2 + (-30)/36)/((-12)/(-186696)).
7, 2593
Let l be 5/(-50)*484*1*-90. Let o = l + -3056. What are the prime factors of o?
2, 5, 13
Let c(j) = -j**3 - 8*j**2 - 8*j - 1. Let z be c(-6). Suppose -2*o - 3*o - 1030 = 0. Let f = z - o. What are the prime factors of f?
181
Let c(v) = -12*v + 8. Let h be c(-5). Let s = h + -226. Let y = -81 - s. What are the prime factors of y?
7, 11
Let g(v) = -v**3 - 8*v**2 - v + 145. Let y be (0/(3 - -4))/1. List the prime factors of g(y).
5, 29
Let s be 9*(22/6)/(-1). Let w = -26 - s. Let f(m) = 3*m - 14. What are the prime factors of f(w)?
7
Let z be (-210)/((-9)/10 + (-24)/40). Suppose 13*o + 106 = 17*o + 2*m, 5*o + 4*m = z. List the prime factors of o.
2, 3
Suppose -48*x + 53*x - 65 = 0. Suppose x = -j - 2*d, 3*j - 5*d - 17 + 1 = 0. List the prime factors of j - (5/(-10) + 270/(-4)).
5, 13
Let m = 65360 - 46067. List the prime factors of m.
3, 59, 109
Let x = 18104 + -103. What are the prime factors of x?
47, 383
List the prime factors of 6/10 + (-2851970)/(-300) + 1/(-6).
3, 3169
Let a = 21681 + -11462. List the prime factors of a.
11, 929
Let b(f) = 27*f - 28. Suppose m - v - 6 = 0, 0 = 3*m + v - 5*v - 15. Let q be b(m). List the prime factors of (-1 + 3/15)/((-2)/q).
2, 43
Suppose -40 = 33*n - 23*n. What are the prime factors of n + (8 - 16 - -431)?
419
Suppose 0 = 6*z + 19 + 89. Let q be 9/(-2)*z/27. Let s(k) = k**2 + 5*k - 2. List the prime factors of s(q).
2, 11
Suppose k - 4*k - 5*v = -44, 2*k - 4*v = 22. Let x(w) = 4*w**2 + 27 + 15*w - 10*w**2 + 12*w + 4*w**2. What are the prime factors of x(k)?
2, 5
List the prime factors of 6*(-7)/84*5308*-1.
2, 1327
Suppose 0 = -8*o + 2 - 2. Suppose u - 90 + 74 = o. List the prime factors of u.
2
Let b be ((-4)/6 + 3945/(-90))*-10. Let g = -69 + b. List the prime factors of g.
2, 47
Suppose -2*d - 15*l = -20*l - 31827, -l = -3*d + 47786. List the prime factors of d.
89, 179
Let d(t) = -7 - 13 + 17 + 2*t. Let r be d(6). Suppose -29 = -2*k + r. List the prime factors of k.
19
Let x = -555 + 252. Let c = x + 313. List the prime factors of c.
2, 5
What are the prime factors of (9/6 + -3 - 61074/6)*-2?
3, 11, 617
Let l(i) = 9 + 20 + 2*i**3 + 15 + 567*i**2 - 24*i - 525*i**2. What are the prime factors of l(-21)?
2, 137
Let q be (-84)/(-30) + -2 - (-872)/10. Let a be 1/((2/59)/(-2)). Let g = a + q. What are the prime factors of g?
29
Let m(h) = -5*h**3 - 9*h**2 - 9*h - 1. Let n(g) = g**2 + g. Let b(d) = m(d) + 3*n(d). Let c be b(-3). Suppose -c = -2*s - 28. What are the prime factors of s?
5, 7
Let w be (-1)/2 - 30318/(-12). Suppose -1226 - w = -4*z. List the prime factors of 16/(-48) - z/(-6).
2, 3, 13
What are the prime factors of ((-13787)/(-51) - (-4)/6)*11?
11, 271
Suppose 3*v - 2*u = 16, 5*v + 28 - 43 = u. Suppose 4*q + 2*i - 1649 = -475, 0 = v*q - 5*i - 593. What are the prime factors of q?
2, 3, 7
Suppose -g = 6*g. Suppose g = -5*j + v + 15 + 3, -2*v = 6. List the prime factors of j*((-1644)/(-9))/4.
137
Suppose -14*h + 25 + 3 = 0. What are the prime factors of (1/h)/((-18)/(-22428))?
7, 89
Let z(n) = n**2 + 18*n + 5. Let s be 1/(15/10)*-3 + -18. What are the prime factors of z(s)?
3, 5
Suppose -r = -4*l - 6*r + 25, 3*l - 16 = -r. What are the prime factors of l/((-40)/(-12)) - 140/(-8)?
19
Suppose -3*i + 3*r = -158385, i - 10*r = -11*r + 52789. List the prime factors of i.
2, 6599
Suppose 3 = 4*z - 9. Suppose 11*m - z*m = -752. List the prime factors of (-1)/((-5 + 6)*2/m).
47
Let b(p) = -2*p**3 + 10*p**2 + 2*p + 25. Let u be b(8). Let k = 979 + u. What are the prime factors of k?
2, 3, 53
Let p = -44 + 40. Let i be (3 + -17 + 4)/(p/62). Let o = 414 - i. List the prime factors of o.
7, 37
List the prime factors of ((215/20)/(-43))/((-1)/78940*1).
5, 3947
Let b be 329/105 - 3 - 2/15. Suppose 2*f + b*f = 100. What are the prime factors of f?
2, 5
Let i(o) = 2243*o - 70. Let a be i(6). Suppose 5*l + 4713 - a = 0. List the prime factors of l.
5, 347
What are the prime factors of 87/(4437/310760)*(-3)/(-2)?
2, 5, 457
Let d = -458 - -317. Let t = 146 + d. What are the prime factors of 80/(-4 - -9) + t?
3, 7
Let h = -458 + 311. Let f = -5 - h. What are the prime factors of f?
2, 71
Let s = 12457 + -4439. What are the prime factors of s?
2, 19, 211
Suppose 0 = 5*n - 501 - 1939. Let f = n - 2. What are the prime factors of f?
2, 3
Let w = -106 - -111. What are the prime factors of 5 + (-4 + w)/(2/1076)?
3, 181
Suppose -37*x + 33*x = 0. Suppose 0 = -19*h + 14*h + 3*d + 2035, 5*d + 25 = x. List the prime factors of h.
2, 101
Suppose -j + 5*w = 0, -15 = -5*j - 4*w + 14. Suppose 0 = -2*g + j*f + 559, 4*f = -g - g + 514. What are the prime factors of g?
3, 89
Suppose 2*w - 6796 = -3*s, 5*s - 9929 = -4*w + 3663. What are the prime factors of w?
2, 1699
Suppose -5766 = -8*i + 538. List the prime factors of i.
2, 197
Suppose -7*n = -1778 - 1561. What are the prime factors of n?
3, 53
Let i = -875 - -783. What are the prime factors of (i - -3)/(28/(-448))?
2, 89
Let p be ((-3360)/25)/(-7)*335/2. Suppose p = 6*s - 1092. What are the prime factors of s?
2, 359
Let s = 306 - 562. Let l = s + 298. What are the prime factors of l?
2, 3, 7
Let t(h) = -173*h - 88. What are the prime factors of t(-31)?
5, 211
Let c = -199 - -205. Suppose 2*g + 3204 = c*g. List the prime factors of g.
3, 89
Suppose -4*q + 8929 = 2*k - 15915, 5*q = -k + 31055. List the prime factors of q.
6211
Let m(o) = o**3 + 10*o**2 - 2*o - 1. Let h(v) = -5*v + 24. Let s be h(6). List the prime factors of m(s).
5, 31
List the prime factors of -3 - 64/(-24) - (-543592)/21.
5, 31, 167
Suppose -2276 = 4*c + 4*n, -4*c + 11*n = 7*n + 2284. Let k = 1358 + c. List the prime factors of k.
2, 197
Suppose -1424*m = 4*l - 1425*m - 103957, -2*l + 5*m = -52001. List the prime factors of l.
2, 73, 89
Let z = 499 + -495. Suppose -z*n = -4112 + 932. List the prime factors of n.
3, 5, 53
Suppose h + 3*a = 22, 4*h = -a + 51 - 18. Let d(u) = -10*u + 4*u**2 + u**2 - 4*u + h*u - 8. List the prime factors of d(6).
2, 5, 13
Let z = 57102 + 12510. List the prime factors of z.
2, 3, 5801
Let t(l) = 17*l - 15. Let a(s) = 6*s - 5. Let x(h) = 7*a(h) - 2*t(h). Suppose 29*r - 31 = -2*r. What are the prime factors of x(r)?
3
Let z(n) = n**3 - n + 5. Let p be z(0). Suppose 2*u - 4628 = -p*k - 0*u, 2*k - 3*u = 1855. What are the prime factors of k?
2, 463
Let y(x) = x - 1. Let u be y(5). Suppose u*l = 5*l - 35. Let h = 85 - l. List the prime factors of h.
2, 5
Let t be -1 + 5/7 + 74/14. Let o = -7 - -39. Suppose 33 = t*j - o. List the prime factors of j.
13
Suppose 0 = -547*n + 549*n + 14, -5*y - 4*n = -121302. List the prime factors of y.
2, 11, 1103
What are the prime factors of 9*2*((-119180)/24)/(-59)?
3, 5, 101
Suppose -3*k = w - 421, w - 3*w + 860 = -3*k. Suppose p = -3*d - w, 5*d + p + 599 = -110. Let f = d + 290. List the prime factors of f.
149
Let k be -1*0/(-3 - (1 + -5)). Suppose k*o - 5016 = -6*o. Suppose -5*y = -4*r - o, 4*r - 312 = -2*y - 0*r. List the prime factors of y.
2, 41
Let k(f) = f**3 + 17*f**2 - 19*f - 11. Let q be k(-18). Suppose -q*p = -2*p - 285. What are the prime factors of p?
3, 19
Let u = 20 + -15. Suppose 647 - 152 = -u*w. List the prime factors of (-22)/w + 302/18.
17
Suppose -2*c = -g - 2381 - 3754, -4*c = 4*g - 12288. What are the prime factors of c?
3, 11, 31
Let t = 5286 - -49. What are the prime factors of t?
5, 11, 97
Suppose -3*s + 427 = -17. Suppose 0 = -340*k + 343*k. Suppose 3*v - 6*v + 151 = -5*a, k = 4*v + 4*a - s. What are the prime factors of v?
2, 3, 7
Let z(u) = 0*u + 10*u**3 + 3*u + 6*u - 2*u**2 - 12*u + 6. What are the prime factors of z(4)?
2, 7, 43
Let k(m) = -179*m + 6. Let r be k(-14). Suppose 10*n = 2*n + r. What are the prime factors of n?
2, 157
Let f(g) = -87*g**3 - 5*g**2 - 3*g - 3. Let w(z) = z**3 + 5*z**2 + 6*z + 28. Let v be w(-5). List the prime factors of f(v).
7, 97
Suppose 128*r - 40*r = -23*r + 588855. List the prime factors of r.
5, 1061
Suppose 5*y = -3*t + 11665, 4*y - 2*t - 2*t = 9300. Suppose 5*v - y + 70 = 0. What are the prime factors of v?
2, 113
Let w be (2/(-4))/(7 + (-8559)/1224). What are the prime factors of ((-17)/(w/920))/(-1 - -2)?
2, 5, 23
Suppose b - 3*b - 216 = -5*w, w = 0. Let i be ((-6)/(-2)